hat are the prime factors of ((-8)/6)/((-24)/108)?
2, 3
Let s(o) = 1. Suppose -4*f - 12 = -2*f. Let k(r) = r + 13. Let y(x) = f*s(x) + k(x). List the prime factors of y(0).
7
Let y(x) = -x**3 - 8*x**2 + 5*x + 2. Let d(v) = v**3 + 7*v**2 - 5*v - 2. Let f(q) = -5*d(q) - 4*y(q). List the prime factors of f(-5).
3
Let j(q) = -q**3 + 10*q**2 - 8*q - 7. Let z be j(9). What are the prime factors of (z/2)/((-3)/(-39))?
13
Let v = -10 - -24. What are the prime factors of v?
2, 7
Suppose 3*q + 4*k - 67 - 15 = 0, -2*k - 10 = 0. What are the prime factors of q?
2, 17
Let t(c) = -c + 12. List the prime factors of t(8).
2
Suppose -8*f + 141 = -5*f. List the prime factors of f.
47
Let z(j) = j**2 + 4*j - 17. List the prime factors of z(-7).
2
Let g be (-1)/(-3) - 2/6. Suppose -3*p + 2*l + 2 = g, 3*l - 2*l = -4*p + 21. Suppose p*o + 8 = 40. What are the prime factors of o?
2
Let i(c) = -181*c + 2. What are the prime factors of i(-1)?
3, 61
Suppose -7 - 3 = -p. Suppose 2*b - p = 7*b. List the prime factors of b/((-6)/(-9))*-1.
3
Let v(t) = -t**3 - 5*t**2 - 2*t + 3. Let q(k) = -2*k + 11. Let y be q(8). List the prime factors of v(y).
13
Suppose -5*p - 3*d + 4 = -38, 3*p - 2 = 4*d. Let j(k) = -k**3 + 23*k - 17*k + 4*k**2 + p + k**2. What are the prime factors of j(6)?
2, 3
Suppose -5*m + 99 = 39. List the prime factors of m.
2, 3
Let g(i) = -7*i**2 + 4*i - 4. Let j(a) = 8*a**2 - 4*a + 5. Let d(s) = -6*g(s) - 5*j(s). Let v be d(4). Suppose -5*o + 0 = -v. What are the prime factors of o?
3
Let h(v) = v - 5. Let g(i) = -i**2 + 9*i - 9. Let l be g(6). Let x be h(l). Suppose 11 = 3*m - x*s, -5*m + 33 = -5*s + 8. What are the prime factors of m?
3
Let v(r) be the third derivative of r**5/20 + r**4/24 + r**3/6 - 4*r**2. Let k be v(-4). Suppose 15 + k = 4*o. List the prime factors of o.
3, 5
Let v(r) = 5*r + 10. List the prime factors of v(4).
2, 3, 5
List the prime factors of (-12)/8 - (-822)/4.
2, 3, 17
Let y(q) = q**3 - 9*q**2 - 3*q - 4. List the prime factors of y(10).
2, 3, 11
Let v = 8 + 2. Let d = -6 - -11. Suppose -d*m + 0 = -v. What are the prime factors of m?
2
Let f = -42 + 77. List the prime factors of f.
5, 7
Let c be (0 + 0)*(0 - 1). Suppose 20 = t - c*t. Suppose -t = -3*z + z. List the prime factors of z.
2, 5
Suppose -2*a + 18 = -4*h - 40, 0 = -4*a - 2*h + 136. What are the prime factors of a?
3, 11
Let f(i) = -i + 3*i + 0*i - i. Let s(t) = -5*t - 1. Let o(a) = 6*f(a) + s(a). What are the prime factors of o(4)?
3
Suppose 5*q - 4*m - 120 = 0, 4*m - 5*m = -3*q + 72. Suppose 0 = -g + q + 2. What are the prime factors of g?
2, 13
Let c(b) = b**3 - 3*b**2 - 3*b - 2. Let g be c(4). List the prime factors of g + (3 - 4) + 3.
2
Let i(v) = 2*v - 3*v + 4 + 2*v - 6*v**2 + v**3 + 0*v**2. What are the prime factors of i(6)?
2, 5
Suppose 7*f + 12 - 68 = 0. What are the prime factors of f?
2
Suppose 0 = 11*o - 197 - 133. What are the prime factors of o?
2, 3, 5
Let o = 165 - 109. Let h = o - 26. What are the prime factors of h?
2, 3, 5
Suppose 2*k + 0 = 6. What are the prime factors of k?
3
Let d = -1 + 4. What are the prime factors of d?
3
Let z be 2 - 6*(-1 + 0). Suppose 6 = 5*f - 0*f + 3*w, 0 = 5*f + 4*w - z. Let h(i) = -i**2 - i + 8. List the prime factors of h(f).
2
Let h = -6 - -14. Let a(o) be the third derivative of o**4/24 - o**3 - o**2. List the prime factors of a(h).
2
Suppose i - 14 = 15. What are the prime factors of i?
29
Let r(b) = 171*b - 6. What are the prime factors of r(1)?
3, 5, 11
Let r be 1/(-3)*-3*4. Suppose 0 = r*u - 2*u - 14. List the prime factors of u.
7
Suppose 2*o = 4*o - 44. List the prime factors of o.
2, 11
Let r = -106 + 184. Let p = r - 29. Suppose 5*c + 4 = -2*v + p, -5*v = 4*c - 53. What are the prime factors of c?
7
Let s(u) = -u + 6. Suppose -i + 4 = -5*t, -3*t + 4 = -2*i + t. List the prime factors of s(i).
2, 3
What are the prime factors of (-9)/21 + 1240/35?
5, 7
What are the prime factors of ((-20)/(-12))/((-1)/(-18))?
2, 3, 5
Let l(a) = -25*a + 3. Suppose s - 2*s - 1 = 0. What are the prime factors of l(s)?
2, 7
Let c = -14 + 6. Let h(i) = -i**3 - 7*i**2 + 6*i. Let g be h(c). Let u = -9 + g. What are the prime factors of u?
7
Let r(b) = -9*b + 1. Let y be r(6). Let i = 76 + y. List the prime factors of i.
23
Suppose -4*o + 13 = 5. Suppose 14 = 4*g - o*a + 4*a, 4*a = 3*g - 5. Suppose 2*y = g + 9. What are the prime factors of y?
2, 3
Let o be -1 - (2/1 + 0). What are the prime factors of 28 + 6/o - 1?
5
Suppose -3*b = 0, -2*a + 4*a + b = 8. Let n = -6 + 5. Let m = a - n. What are the prime factors of m?
5
Suppose -3*c - 5*u + 150 = 0, 4*c - 3*u = 159 + 41. Suppose 0 = 2*b + 2*n - c, 3*n = b + 2*n - 21. Let g = b + -13. List the prime factors of g.
2, 5
Suppose -3 = -k + 1. Let y(c) = 3*c + 1. What are the prime factors of y(k)?
13
Let x(s) = -s**3 - s**2 + 3*s + 1. Let l = -9 + 6. List the prime factors of x(l).
2, 5
Suppose 0 = -3*t + 5*t. Suppose t*a - 10 = -5*a. What are the prime factors of a?
2
Let j = -17 - -28. What are the prime factors of j?
11
Let l be 0 + -2 - (-47)/1. List the prime factors of (-16)/(-3)*l/10.
2, 3
Let v = -110 - -154. Let p = v - 30. List the prime factors of p.
2, 7
Suppose -s = 5*b - 6*s - 185, -b - 4*s + 52 = 0. Let i = b + -23. List the prime factors of i.
17
Let j(z) = 4*z**2 - 10*z - 17. List the prime factors of j(7).
109
Let n(d) = -d**3 - 10*d**2 - 10*d - 9. Let m be n(-9). Let o be 47 - (3 - m - 2). Suppose -2*w - o = -3*s, -3*w = s - 4*w - 17. List the prime factors of s.
2, 3
Let n be (1 - 3)/(4/(-16)). Suppose -4*d + 4 = -n*d, 4*d = 3*x - 13. What are the prime factors of x?
3
Let d = -5 - -25. What are the prime factors of d?
2, 5
Let g = 31 - 8. List the prime factors of g.
23
Suppose 3*f - 34 = 110. What are the prime factors of f?
2, 3
Let a(l) = -4*l**3 + 3*l**3 + 3*l**2 + 5*l - 1 + 0*l**3. Suppose 5 = n, -x - 3*n + 15 = -4. What are the prime factors of a(x)?
3
Let m(p) = p**3 - p**2 - 8*p + 13. What are the prime factors of m(5)?
73
Let q = -6 - 15. Let a be (q/(-6))/((-1)/(-2)). Let z = a - 4. What are the prime factors of z?
3
Suppose 0 = -3*a - z - 3*z - 2, 4 = 4*a + 2*z. What are the prime factors of (a/(-4))/((-2)/48)?
2, 3
Suppose 3*z + 4*i + 10 = 0, -i = 3*z + 2*z + 28. List the prime factors of -4 - (-15 - (4 + z)).
3
Suppose 2*o + 66 = 5*p - 84, -2*p + 60 = 5*o. What are the prime factors of p?
2, 3, 5
Suppose n = -n + 2*i + 24, 5*n = -5*i + 80. Suppose -4*v = -3*v - n. Suppose -2*s + v = l - 13, 18 = s + 2*l. List the prime factors of s.
2, 3
Suppose -4*v + 2*k + 146 = -0*k, 3*v - 2*k = 109. What are the prime factors of v?
37
Let a(m) = 6*m**3 - m**2 + 2*m - 1. Let w be a(1). Suppose x - 4 - w = 0. What are the prime factors of x?
2, 5
Suppose -4*b = -8*b - 24. List the prime factors of 12*(b/4 - -3).
2, 3
Let r(w) = w**2 + 10*w + 12. Let z be r(-10). List the prime factors of ((-9)/6 + 2)*z.
2, 3
Let m(w) = -w**2 - 11*w - 3. Let x be m(-10). Let i(a) = 2*a + 1. List the prime factors of i(x).
3, 5
Suppose -7*w + 864 = 2*w. What are the prime factors of w?
2, 3
Let a(u) = -u**2 + 7*u + 4. Let z(o) = -4*o - 2. Let v be z(-2). What are the prime factors of a(v)?
2, 5
Suppose -d = 1 + 1. Let x(f) = 2*f**2 + f. What are the prime factors of x(d)?
2, 3
Let i(f) = -f**2 + 3. Let q be i(0). Let y(o) = -o**2 - 8*o - 1. Let c be y(-6). Suppose 13 = q*p - c. What are the prime factors of p?
2
Let t = -6 - -8. What are the prime factors of (t - 1)/(-1) + 10?
3
Let y(i) = i**3 + 4*i**2 + 4*i + 3. Let x be y(-2). Suppose -6*p = -x*p. Suppose p*c - 2*c + 22 = 0. What are the prime factors of c?
11
Let m(z) = -z**3 + z**2 - z + 1. Let a be m(2). Let c = a + 12. What are the prime factors of c?
7
Let r(g) = -4*g**2 - 5*g + 8. Let t(y) = 7*y**2 + 11*y - 15. Let d(w) = -5*r(w) - 3*t(w). What are the prime factors of d(-8)?
5
Let j be 6/2*(-6)/6. Let m = 5 + j. What are the prime factors of m?
2
Let z be 8/14 - 32/7. Suppose 2*j - 28 = -2*j. Let h = z + j. What are the prime factors of h?
3
Suppose 0 = -2*v + 6 + 14. List the prime factors of v.
2, 5
Let x be (9/(-4))/((-3)/16). Let m be (81/x)/3*12. Let q = m - 15. What are the prime factors of q?
2, 3
Let i = -3 - -10. Let w = i + -4. Let p(y) = -y**3 + 3*y**2 + 4*y - 4. What are the prime factors of p(w)?
2
Let w(u) = u + 10. Le